hest common divisor of 803980 and 222650.
610
What is the greatest common divisor of 1591 and 54365987?
37
What is the highest common factor of 264686747 and 1586?
793
Calculate the greatest common factor of 899 and 2847191.
29
What is the highest common factor of 1921 and 528615017?
1921
What is the greatest common divisor of 7298580 and 89610?
3090
What is the greatest common factor of 1831554 and 776?
194
What is the greatest common factor of 24852109 and 10209?
3403
Calculate the highest common factor of 1111 and 1820984.
11
What is the highest common divisor of 1227 and 11292081?
1227
Calculate the greatest common factor of 192 and 12022.
2
Calculate the greatest common divisor of 197194 and 4.
2
What is the greatest common divisor of 12773 and 99163?
53
What is the highest common divisor of 20406834 and 2754?
306
Calculate the greatest common divisor of 16606427 and 277.
277
What is the highest common factor of 3177 and 2973?
3
Calculate the highest common factor of 17896211 and 83.
83
Calculate the greatest common factor of 225927184 and 4782.
1594
Calculate the greatest common factor of 2252 and 1388921.
563
What is the highest common divisor of 98171471 and 407?
37
What is the highest common divisor of 21 and 20051787?
21
Calculate the greatest common divisor of 3276994 and 91.
7
Calculate the greatest common divisor of 108 and 67934.
2
Calculate the greatest common divisor of 74534 and 166.
166
What is the highest common factor of 780 and 29594955?
195
What is the greatest common factor of 145305196 and 1450?
58
Calculate the greatest common factor of 1660 and 2474230.
830
What is the highest common divisor of 102 and 678666?
6
What is the highest common factor of 78 and 141852?
6
What is the greatest common divisor of 774704 and 24?
8
Calculate the highest common factor of 13838352 and 2288.
176
Calculate the greatest common divisor of 272 and 2345473.
17
What is the highest common divisor of 18536 and 154280?
56
What is the highest common divisor of 736 and 5306836?
92
Calculate the greatest common divisor of 10285 and 31446855.
935
Calculate the greatest common divisor of 175 and 43086715.
35
What is the highest common divisor of 174280420 and 80?
20
Calculate the highest common factor of 240 and 83206464.
48
What is the greatest common divisor of 22958670 and 1020?
510
What is the highest common factor of 26 and 11321?
1
What is the highest common divisor of 1929230 and 570?
10
What is the highest common factor of 177510 and 7972395?
915
What is the highest common divisor of 812 and 19372?
116
Calculate the highest common divisor of 115425 and 720405.
45
Calculate the highest common factor of 52632 and 7371999.
153
Calculate the highest common factor of 52077 and 465.
3
Calculate the greatest common divisor of 34235 and 4290445.
205
Calculate the highest common divisor of 152 and 230549648.
152
What is the greatest common divisor of 61916312 and 8?
8
Calculate the highest common factor of 406 and 1287790.
14
Calculate the highest common factor of 291458419 and 2401.
343
What is the greatest common divisor of 146565 and 114165?
45
Calculate the greatest common factor of 11592501 and 2745.
183
Calculate the highest common factor of 9 and 75761667.
9
What is the greatest common factor of 28964889 and 4692?
1173
What is the highest common divisor of 217455 and 4785?
15
What is the highest common divisor of 67938 and 3146052?
5226
Calculate the highest common divisor of 6858 and 1008739791.
3429
Calculate the highest common factor of 261464 and 106214.
46
What is the highest common divisor of 3845358 and 66?
66
Calculate the greatest common factor of 1572 and 1920948.
12
What is the greatest common factor of 47433 and 29391?
291
Calculate the greatest common divisor of 2340 and 40136460.
780
What is the highest common factor of 793980 and 9570?
330
Calculate the highest common factor of 3354 and 40145586.
78
Calculate the greatest common factor of 594724 and 13364.
52
Calculate the highest common divisor of 7927 and 31.
1
What is the highest common divisor of 82 and 13845742?
2
Calculate the highest common factor of 5370 and 28140.
30
What is the greatest common divisor of 22 and 319624349?
11
Calculate the greatest common factor of 912 and 34990590.
114
Calculate the greatest common factor of 55 and 174559465.
5
What is the highest common factor of 858 and 46668908?
286
Calculate the highest common divisor of 866286 and 12393.
153
Calculate the greatest common divisor of 42 and 52960992.
42
What is the greatest common factor of 31602348 and 12?
12
Calculate the greatest common factor of 478 and 8006978.
478
Calculate the greatest common factor of 238252 and 530733.
889
What is the highest common factor of 72714 and 9696?
6
Calculate the highest common divisor of 17982 and 7676982.
666
Calculate the greatest common factor of 140374 and 1079.
13
Calculate the highest common divisor of 2975910 and 1153290.
1110
What is the highest common factor of 1002827 and 217?
7
What is the greatest common divisor of 9772203 and 8988?
2247
Calculate the highest common factor of 9205 and 164616697.
1841
Calculate the highest common divisor of 27 and 682471926.
27
What is the highest common factor of 4551574 and 1915582?
2362
Calculate the greatest common factor of 168 and 66426234.
42
What is the greatest common divisor of 640281 and 362085?
717
What is the highest common divisor of 11 and 137263027?
11
What is the greatest common factor of 895 and 837899?
179
What is the greatest common divisor of 45 and 107085?
15
Calculate the greatest common factor of 1346965499 and 209.
209
Calculate the greatest common divisor of 232000690 and 4880.
610
What is the highest common divisor of 5467 and 10864207?
71
What is the greatest common factor of 532653 and 660?
33
What is the highest common divisor of 10376 and 47062942?
2594
What is the highest common divisor of 827394 and 75258?
222
Calculate the highest common divisor of 5274439 and 2858.
1429
Calculate the highest common divisor of 2627 and 1092573.
37
Calculate the highest common divisor of 1540370 and 2050.
410
What is the highest common divisor of 5419032 and 6536?
344
What is the greatest common divisor of 1826629 and 247694?
457
Calculate the greatest common divisor of 60 and 26921220.
60
Calculate the highest common factor of 296961098 and 70.
14
What is the highest common divisor of 14074 and 159268421?
7037
Calculate the greatest common factor of 49 and 7740089.
49
What is the greatest common divisor of 5968 and 32387590?
746
Calculate the greatest common factor of 3302870 and 90.
10
What is the highest common divisor of 4376504 and 220088?
3608
Calculate the greatest common divisor of 8900047 and 59319.
2197
Calculate the highest common factor of 14421 and 2090171.
437
What is the highest common divisor of 326 and 92186?
2
What is the greatest common factor of 473984 and 3794816?
2944
Calculate the greatest common factor of 8729724 and 108.
12
What is the highest common factor of 201 and 191475883?
67
What is the greatest common divisor of 13 and 17570449?
13
What is the greatest common factor of 61754914 and 2418?
806
What is the greatest common divisor of 5166 and 8333514?
126
Calculate the greatest common divisor of 69871827 and 56184.
7023
Calculate the greatest common divisor of 5616979 and 9529.
733
Calculate the greatest common factor of 197 and 67156709.
197
What is the highest common divisor of 26206532 and 1474?
22
Calculate the highest common factor of 3392 and 14628.
212
Calculate the highest common factor of 1769880 and 14835.
645
Calculate the highest common divisor of 10110376 and 4.
4
What is the greatest common factor of 5728400 and 16?
16
What is the highest common factor of 13 and 54623881?
13
Calculate the greatest common factor of 51060 and 3700.
740
Calculate the highest common factor of 1830843 and 6606534.
9687
Calculate the highest common divisor of 265054231 and 299.
299
What is the highest common divisor of 90446585 and 5?
5
What is the greatest common factor of 287050 and 206836748?
11482
Calculate the highest common divisor of 4105 and 345641.
821
Calculate the greatest common divisor of 2811 and 82747407.
2811
What is the highest common factor of 660112 and 25